5*u = -8*u + 72. Let i = u - 20. What are the prime factors of i + (57 + 4 - -2)?
67
Suppose -r - 5*s + 1701 = -3*s, -5102 = -3*r - 5*s. What are the prime factors of r?
1699
Suppose 4*u = 20, 3 = 2*o - u - 2. Suppose -256 - 167 = -o*r + 4*t, 4 = -2*t. Suppose w + w = -v + r, 4*w - 2*v - 154 = 0. List the prime factors of w.
2, 5
Suppose 5 = f - 7. Suppose m - 44 = -f. What are the prime factors of m?
2
Let q = 54 + -57. What are the prime factors of q - 3*((-159)/9 + -3)?
59
Let z = 0 - 1. Let m = 1 - z. Suppose 116 = 5*g - 2*x, -3*g - 2*x + 80 = m*x. List the prime factors of g.
2, 3
Let u(c) = c**3 - 3*c + 4. Let l be u(-3). What are the prime factors of 28/98 + (-444)/l?
2
Let z = 42 - 16. Suppose -2*o + 3*o = 3*y - 17, 0 = 4*y - 3*o - z. Suppose y*w = 2*w + u + 111, 0 = 4*w - 5*u - 148. What are the prime factors of w?
37
Suppose 0 = -6*w + 7*w - 2. Suppose -w*b = -r - 212, 2*r - 106 = -7*b + 6*b. List the prime factors of b.
2, 53
Let d be ((-68)/16 - -4)*-2*6. Suppose 5*r - 33 = 27. Suppose 0 = -4*n + r, 5*f - d*n - 87 = -21. What are the prime factors of f?
3, 5
Let o = 55 - 48. Suppose -o*p + 3*p = -428. List the prime factors of p.
107
Suppose 4*q = -c + 114, -2*q + 3*q - 4 = 0. What are the prime factors of c?
2, 7
Suppose -10*n + 688 + 2122 = 0. List the prime factors of n.
281
Suppose 22 = 4*n - 2*a, 0*n - 5*a - 10 = -n. What are the prime factors of 341/n + -2 - 4/20?
2, 3, 11
Let y = -23 - -28. Suppose -y*z + 113 = -7. List the prime factors of z.
2, 3
Let k be 4*5*2/5. Let x be 4805/20 + (-2)/k. Suppose 8*q = 4*q + x. List the prime factors of q.
2, 3, 5
Let w be (54/4)/(2/4). Let m be (-1)/(2 + (-51)/w). Let f = m - -16. What are the prime factors of f?
7
Let j(s) = 11*s**2 + 2*s - 2. Let g be j(-2). Let f = g + -26. What are the prime factors of f?
2, 3
Let q(h) = -h**3 - 10*h**2 - 11*h - 10. Suppose o - 15 = 4*o - 5*c, 3*o = -3*c - 39. What are the prime factors of q(o)?
2, 5
List the prime factors of (-1*2/3)/(6/(-8316)).
2, 3, 7, 11
Let w be 1/(-3) + (-28)/(-3). Let i = w - 8. Let y = i - -8. What are the prime factors of y?
3
Suppose 28*j - 22*j = 36. Suppose j*i = -5*i + 1705. List the prime factors of i.
5, 31
Suppose 3*v - 156 = -0*v. Suppose p - v = 14. Suppose 3*m = 5*l - 139, 2*l = -l - 4*m + p. What are the prime factors of l?
2, 13
Let o = 677 + -410. Let s = o - 184. List the prime factors of s.
83
Let x(l) = l**2 + 28*l + 42. List the prime factors of x(22).
2, 571
Suppose 3*o = -0*o. Suppose -3*d + 6 + o = 0. What are the prime factors of (-1)/d - (-675)/18?
37
Let q(d) = -2*d**3 - 16*d**2 + 11*d - 11. Let n(c) = -2*c + 19. Let h be n(14). List the prime factors of q(h).
2, 13
Let t(x) be the third derivative of -5*x**4/24 + 2*x**3/3 - 6*x**2. List the prime factors of t(-8).
2, 11
Let a be (-12)/(-21) - (-34)/14. Suppose 252 = 4*p + 5*n, -a*p = -0*n - n - 170. What are the prime factors of p?
2, 29
Let u(l) = 11*l**3 - 7*l**2 + 21*l - 1. List the prime factors of u(4).
3, 5
Let w(o) = o**3 + 22*o**2 + 41*o + 23. Let s be w(-20). Suppose -4*t = -3*i + 279, s*i - 57 = 5*t + 219. List the prime factors of i.
97
Let o = -4 - -7. Let c = 301 - 141. Suppose 6*q = 3*q + o, 5*u = -5*q + c. List the prime factors of u.
31
Let i = -182 - -402. List the prime factors of i.
2, 5, 11
Let n = 8 - 10. Let s be (-1210)/(-33)*(-3)/n. Suppose 0 = -3*i - s + 145. What are the prime factors of i?
2, 3, 5
Let p = -866 - -1310. What are the prime factors of p?
2, 3, 37
Let q(v) = 58*v**2 - v + 1. Let n = -35 - -34. List the prime factors of q(n).
2, 3, 5
Let x(h) be the second derivative of -h**5/10 - 5*h**4/12 - h**3/6 - 3*h**2/2 + 2*h. Let k be 3/5 + 46/(-10). What are the prime factors of x(k)?
7
Let f be ((-508)/(-18) - -3) + (-4)/18. Suppose f*y - 6279 = 8*y. What are the prime factors of y?
3, 7, 13
Let h(m) = -m**2 - 14*m - 1. Let b be h(-14). Let n be 2 - (b*8 + 4). Suppose -12*u + 9*u + n = 0. What are the prime factors of u?
2
Let y(k) = 6*k - 4 + 4 - 3 - 2*k. Let i(z) = 3*z - 2. Let d be i(3). What are the prime factors of y(d)?
5
Suppose -3*m + 2 + 9 = w, 9 = 3*m. Let l = 66 + 34. Suppose -w*f = 2*f - l. List the prime factors of f.
5
Let r(g) be the third derivative of g**5/24 + g**4/8 - g**3/2 - 3*g**2. Let q(u) be the first derivative of r(u). What are the prime factors of q(5)?
2, 7
Let j = 2 - 2. Suppose 5*n - 1 + 11 = j. List the prime factors of 61/2 - 1/n.
31
Suppose -44*o + 19062 = -21330. List the prime factors of o.
2, 3, 17
Let s = 12 + -10. Suppose s*o - 4*h - 110 = 0, h + 53 = 5*o - 231. Suppose 2*g + 5*c = 52, -2*g + o = c + 5. List the prime factors of g.
2, 13
Let n = 98 - 95. Suppose -6*t + n*t + 772 = -l, 3*l + 1284 = 5*t. List the prime factors of t.
2, 3, 43
Suppose 7*a - 2*a - 28 = 4*s, 3*s = a - 10. Let c be -2 + (10 + s)/2. Suppose 3*q - 82 = -5*x, 26 = 4*q - 3*q + c*x. List the prime factors of q.
2, 17
Suppose 3*q = -4*w + 2996, -5*w + 2*q + 3780 = -3*q. List the prime factors of w.
2, 47
Suppose 39217 = 11*i - 25298. What are the prime factors of i?
3, 5, 17, 23
Let m(p) = p**3 + 2*p**2 + p - 1. Let b be m(2). Suppose 6*i = -b + 299. List the prime factors of i.
47
Suppose 4 = 4*s - 4*p, 2 = -0*s + 3*s - 4*p. Suppose 0 = j - s*d - 101, -d - 404 = -4*j - 2*d. What are the prime factors of j?
101
Let c = 117 + -67. What are the prime factors of (-8)/2 + c + 4?
2, 5
Suppose 128*p - 113*p = 31845. List the prime factors of p.
11, 193
Suppose 13*r - 14*r + 85 = 0. Suppose -r = 26*g - 27*g. What are the prime factors of g?
5, 17
Let w(a) = a - 1 + 1 - 2 + 0*a. What are the prime factors of w(12)?
2, 5
Let y(j) = 2*j + 20 - 8 - 9*j + 8*j. Let i be y(-7). Suppose i*l = -l + 234. What are the prime factors of l?
3, 13
Let g(s) be the first derivative of -s**4/4 - 5*s**3/3 + 6*s**2 + 12*s - 1. Let r be g(-7). Suppose -2*l + 46 + r = 0. List the prime factors of l.
2, 3
Let a be 5 - (2 - 1) - 4. Suppose 371 = 5*t + 3*x, -t + x + 79 = -a*t. List the prime factors of t.
2, 19
Let v(l) = 2*l**3 - 5*l**2 + 5*l + 1. What are the prime factors of v(4)?
3, 23
Let h = -691 - -922. List the prime factors of h.
3, 7, 11
Let w(h) be the second derivative of -h**4/12 + 19*h**3/6 - 5*h**2 + 2*h. List the prime factors of w(14).
2, 3, 5
Suppose 32 = 4*d - 244. Suppose 32 = f - 5*k - 19, -d = -f - k. Let g = f + -39. List the prime factors of g.
3
Let t be (-10)/(-5)*298/4. Suppose -4*y + 0*w = 2*w - 180, 0 = 3*y + 5*w - t. What are the prime factors of y?
43
Let t(k) = 3*k - 27. Let i be t(9). Suppose -5*u + 2*q = -0*q - 358, i = 3*u + q - 217. List the prime factors of u.
2, 3
Let i be (0*(-1)/(-4))/(-2). Let t be 4 + -2 - (i + -1). What are the prime factors of 3/t - (-32 + 3)?
2, 3, 5
Let s(i) be the first derivative of -8*i - 3/2*i**2 - 5. List the prime factors of s(-8).
2
Let z be 1/((-2)/(-1 - 11)). Let t(u) = 2*u**2 - 6*u - 1. Let m be t(z). Suppose m + 40 = 5*v. List the prime factors of v.
3, 5
Let t(h) = -2*h**3 - 7*h**2 + 17*h + 49. List the prime factors of t(-7).
3, 7, 13
Suppose 51*k - 1560 = 38*k. What are the prime factors of k?
2, 3, 5
Let x = 1624 + -1053. List the prime factors of x.
571
List the prime factors of 1/((-1)/(-13))*(-35 + 174).
13, 139
Suppose 2*y - 34816 = -6*y. What are the prime factors of y?
2, 17
Suppose 0 = f - 0*f - 7. Suppose -w = -6 + f. List the prime factors of -27*(-1)/(-1)*w.
3
Suppose -2*r - m + 28 = -14, 53 = 3*r - m. List the prime factors of r.
19
Let q(i) = i**2 - 2*i - 2. Let a be (-28)/21 + (-44)/(-6). List the prime factors of q(a).
2, 11
Let k(n) = n**2 + 4*n - 8. Let g be k(-6). Suppose -b - 4*r = -4*b + 169, -114 = -2*b + g*r. List the prime factors of b.
5, 11
Suppose -v = -y - 0*v, -4*y + 12 = -v. Let z(g) = -g + 17. Let a be z(11). Suppose y*u + a = 274. What are the prime factors of u?
67
Suppose -x + 2*z + 147 = 0, -2*z - 767 = -16*x + 11*x. Let d = 190 - x. List the prime factors of d.
5, 7
Suppose -12*z = -8*z - 24. Suppose -z + 15 = q. List the prime factors of q.
3
Let d = -93 - -99. Suppose 7 = s - d. List the prime factors of s.
13
Suppose 3*j = 2*r + 307, -16 = -2*r - 2*r. Let i = j - -22. List the prime factors of i.
127
Suppose -21*u + 7462 = -8*u. List the prime factors of u.
2, 7, 41
Let c(q) = -36*q - 92. What are the prime factors of c(-10